2.
21
What is the remainder when 7295336 is divided by 129?
128
What is the remainder when 10188692 is divided by 9797?
9609
Calculate the remainder when 1545417549 is divided by 1966.
1963
What is the remainder when 285582 is divided by 1766?
1256
Calculate the remainder when 10406632 is divided by 371665.
12
Calculate the remainder when 240028 is divided by 47789.
1083
What is the remainder when 274776 is divided by 131?
69
Calculate the remainder when 132859 is divided by 224.
27
What is the remainder when 162284 is divided by 95?
24
Calculate the remainder when 52977589 is divided by 4068.
25
Calculate the remainder when 441902542 is divided by 37.
35
What is the remainder when 673542 is divided by 24911?
945
What is the remainder when 13872923 is divided by 25?
23
What is the remainder when 25674 is divided by 1349?
43
What is the remainder when 277376 is divided by 39602?
162
Calculate the remainder when 919998 is divided by 2031.
1986
Calculate the remainder when 405221 is divided by 77.
47
What is the remainder when 1639 is divided by 367?
171
What is the remainder when 361652 is divided by 72?
68
What is the remainder when 5215 is divided by 29?
24
What is the remainder when 4129158 is divided by 288?
102
What is the remainder when 124537 is divided by 41510?
7
Calculate the remainder when 30916936 is divided by 6666.
28
What is the remainder when 8449438 is divided by 3022?
2948
Calculate the remainder when 1970329 is divided by 131286.
1039
Calculate the remainder when 10691765 is divided by 223.
30
What is the remainder when 5406589 is divided by 639?
10
Calculate the remainder when 58454 is divided by 27651.
3152
Calculate the remainder when 4992782 is divided by 4992739.
43
What is the remainder when 5545359 is divided by 731?
724
What is the remainder when 5756773 is divided by 1129?
2
Calculate the remainder when 499373 is divided by 3374.
21
What is the remainder when 3976704 is divided by 43?
21
What is the remainder when 387937678 is divided by 26?
24
Calculate the remainder when 3553309 is divided by 2188.
2185
Calculate the remainder when 10580716 is divided by 16.
12
Calculate the remainder when 8481 is divided by 6909.
1572
Calculate the remainder when 23087 is divided by 7948.
7191
Calculate the remainder when 712801 is divided by 14849.
49
What is the remainder when 3873769 is divided by 194?
171
Calculate the remainder when 6683003 is divided by 479.
474
What is the remainder when 20719 is divided by 20614?
105
Calculate the remainder when 955694 is divided by 1420.
34
Calculate the remainder when 2910737 is divided by 3417.
2870
Calculate the remainder when 4836676 is divided by 39.
13
Calculate the remainder when 14169304 is divided by 72.
64
What is the remainder when 32154705 is divided by 247?
245
Calculate the remainder when 920714 is divided by 13343.
47
Calculate the remainder when 695636 is divided by 37.
36
Calculate the remainder when 10157146 is divided by 131.
61
What is the remainder when 2402149 is divided by 22?
13
Calculate the remainder when 7629666 is divided by 6794.
4
What is the remainder when 18398226 is divided by 465?
36
Calculate the remainder when 43057 is divided by 14210.
427
What is the remainder when 1414571 is divided by 16840?
11
What is the remainder when 7296846 is divided by 65?
11
Calculate the remainder when 77081 is divided by 3203.
209
What is the remainder when 1429445 is divided by 165?
50
What is the remainder when 54904560 is divided by 447?
444
What is the remainder when 15823150 is divided by 48?
46
What is the remainder when 1619605 is divided by 2677?
20
What is the remainder when 14829065 is divided by 301?
300
What is the remainder when 4305453 is divided by 55?
53
Calculate the remainder when 1521001 is divided by 61.
27
Calculate the remainder when 4305201 is divided by 22.
21
Calculate the remainder when 110425648 is divided by 7.
4
Calculate the remainder when 3292159 is divided by 19.
10
Calculate the remainder when 1335587 is divided by 352.
99
What is the remainder when 13737 is divided by 684?
57
What is the remainder when 22540751 is divided by 2071?
2058
Calculate the remainder when 253564 is divided by 84303.
655
What is the remainder when 251310 is divided by 132?
114
What is the remainder when 1887068878 is divided by 120?
118
What is the remainder when 2972391 is divided by 41?
14
Calculate the remainder when 7301572 is divided by 1012.
1004
Calculate the remainder when 352785 is divided by 3548.
1533
Calculate the remainder when 96095 is divided by 9189.
4205
What is the remainder when 61163563 is divided by 1109?
1104
What is the remainder when 10446908 is divided by 549837?
5
Calculate the remainder when 27700384 is divided by 43.
42
Calculate the remainder when 546319 is divided by 7188.
31
What is the remainder when 948593 is divided by 189705?
68
Calculate the remainder when 7313570 is divided by 7313558.
12
What is the remainder when 33902 is divided by 2743?
986
Calculate the remainder when 152647504 is divided by 1211488.
16
What is the remainder when 53337 is divided by 1716?
141
Calculate the remainder when 168100 is divided by 2436.
16
What is the remainder when 6484 is divided by 1279?
89
Calculate the remainder when 89343695 is divided by 24.
23
What is the remainder when 10086848 is divided by 1457?
37
What is the remainder when 104972537 is divided by 26243134?
1
Calculate the remainder when 510755 is divided by 170237.
44
Calculate the remainder when 2223567 is divided by 1135.
102
What is the remainder when 2764266 is divided by 7920?
186
Calculate the remainder when 28162034 is divided by 14080996.
42
Calculate the remainder when 15207 is divided by 13296.
1911
What is the remainder when 26601400 is divided by 288?
280
Calculate the remainder when 326864391 is divided by 261.
258
What is the remainder when 9668071 is divided by 702?
127
What is the remainder when 43372 is divided by 10734?
436
Calculate the remainder when 2106552 is divided by 1047.
1035
What is the remainder when 31957413 is divided by 46?
17
Calculate the remainder when 388021 is divided by 1411.
1407
Calculate the remainder when 32171 is divided by 6449.
6375
What is the remainder when 3854008 is divided by 193?
184
What is the remainder when 152794392 is divided by 541824?
24
What is the remainder when 20555 is divided by 208?
171
Calculate the remainder when 4296691 is divided by 983.
981
Calculate the remainder when 68195 is divided by 1233.
380
What is the remainder when 136711581 is divided by 1382?
1377
What is the remainder when 5091801 is divided by 17?
12
What is the remainder when 13294508 is divided by 2120?
2108
What is the remainder when 36143083 is divided by 127?
26
What is the remainder when 8599622 is divided by 2371?
5
Calculate the remainder when 1732877 is divided by 38.
1
What is the remainder when 520767 is divided by 39297?
9906
What is the remainder when 1378836 is divided by 11210?
6
Calculate the remainder when 1567729 is divided by 17040.
49
What is the remainder when 133649670 is divided by 2859?
2856
Calculate the remainder when 49779 is divided by 24866.
47
What is the remainder when 15305127 is divided by 148590?
357
Calculate the remainder when 651803 is divided by 215511.
5270
What is the remainder when 30177791 is divided by 1184?
1183
What is the remainder when 182377 is divided by 60449?
1030
What is the remainder when 56777 is divided by 323?
252
What is the remainder when 34261151 is divided by 12?
11
What is the remainder when 61252311 is divided by 691?
689
What is the remainder when 331772 is divided by 2140?
72
What is the remainder when 1755195 is divided by 1198?
125
What is the remainder when 267580 is divided by 758?
6
Calculate the remainder when 70195249 is divided by 4649.
4647
Calculate the remainder when 12229092 is divided by 4076337.
81
Calculate the remainder when 2301116 is divided by 273.
272
Calculate the remainder when 2056767 is divided by 828.
15
Calculate the remainder when 17550454 is divided by 2509.
2508
What is the remainder when 6644367 is divided by 3322127?
113
What is the remainder when 294340 is divided by 22522?
1554
What is the remainder when 7137841 is divided by 1784450?
41
Calculate the r